 z(4).
14
Let p(i) = 4*i - 4. What is p(7)?
24
Let z(c) = -c**2 - 6*c. Give z(1).
-7
Let y(g) = -g**3 - 7*g**2 - 8*g - 12. Give y(-6).
0
Let c(g) = g**2 + 13*g + 15. Calculate c(-13).
15
Let w(l) = -l**3 + 24*l**2 + 11*l - 252. Give w(24).
12
Let k(r) = -4*r + 4. Determine k(-4).
20
Let k(r) = -r**2 + 4*r + 2. What is k(4)?
2
Let h(q) = 6*q + 37. What is h(16)?
133
Let z(a) = 3*a**2 + 3*a - 2. Determine z(1).
4
Let b(d) = -379*d - 2648. Calculate b(-7).
5
Let h(d) = -d**3 + 2*d**2 + 6. Determine h(3).
-3
Let r(g) = 5*g**2. Calculate r(-1).
5
Let w(k) = -2*k**2 - 2. Determine w(3).
-20
Let x(o) = -o**2 - 25*o - 100. Calculate x(-18).
26
Let w(h) = -h**3 - 3*h**2 + 7*h + 2. Give w(-5).
17
Let k(w) = -7*w + 34. Determine k(8).
-22
Let c(u) = u**3 + 7*u**2 - 2*u - 13. Calculate c(-7).
1
Let j(g) = 40*g**3 + g**2 + 5*g - 4. Give j(1).
42
Let i(s) = 10*s - 8. Determine i(3).
22
Let y(p) = -3*p**2 + 21. Give y(3).
-6
Let h(a) = 2*a - 22. Determine h(5).
-12
Let y(k) = 51*k + 154. What is y(-3)?
1
Let s(c) = -3*c**2 - 27*c. Determine s(-9).
0
Let n(l) = l**3 - 6*l**2 - 4*l + 9. Calculate n(6).
-15
Let j(s) = s**2 - 4*s - 10. What is j(6)?
2
Let d(v) = -3*v - 4. Calculate d(-11).
29
Let y(w) = -13*w + 2. Determine y(1).
-11
Let h(p) = p**3 + 10*p**2 + 8*p - 13. Give h(-9).
-4
Let q(k) = -k**3 - k**2 + 2*k + 92. What is q(0)?
92
Let a(j) = -2*j + 51. Determine a(24).
3
Let j(z) = -3*z - 6. Determine j(-2).
0
Let f(b) = -b**2 - 24*b - 79. What is f(-4)?
1
Let b(k) = -3*k - 5. Calculate b(6).
-23
Let s(u) = u**2 + 12*u + 4. Determine s(-12).
4
Let k(t) = -t**3 - 6*t**2 + 15*t + 51. What is k(-7)?
-5
Let r(t) = -t**3 - 9*t**2 - 9*t - 5. Calculate r(-7).
-40
Let w(z) = -2*z**2 + 34*z + 8. What is w(18)?
-28
Let a(b) = -b**3 - 8*b**2 - 6*b - 3. Determine a(-4).
-43
Let u(y) = -2*y**3 + y + 2. Calculate u(0).
2
Let r(p) = p**2 + 14*p - 5. Give r(-12).
-29
Let g(a) = 2*a**3 + 2*a**2 - a + 2. Determine g(-2).
-4
Let p(y) = -y**3 - 9*y**2 - 7*y + 10. Calculate p(-8).
2
Let x(k) = 8*k + 10. What is x(-5)?
-30
Let h(t) = -t - 20. Calculate h(0).
-20
Let u(d) = -d**2 + 7*d - 10. Determine u(7).
-10
Let w(n) = 3*n**2 - n + 2. What is w(6)?
104
Let i(h) = 6*h + 80. Determine i(-26).
-76
Let i(b) = b + 25. Give i(-15).
10
Let a(s) = 6*s - 5. What is a(-3)?
-23
Let j(f) = -2*f**2 + f - 2. Calculate j(0).
-2
Let p(h) = 2*h + 16. What is p(-19)?
-22
Let s(d) = d**3 + 7*d**2 + 3*d + 14. What is s(-7)?
-7
Let p(z) = z**2 - 2*z - 9. Give p(4).
-1
Let k(v) = -v**3 - 12*v**2 + 12*v - 11. What is k(-13)?
2
Let w(i) = i**3 - 5*i**2 + i - 1. Calculate w(4).
-13
Let l(w) = -w**2 + 10*w - 5. Calculate l(9).
4
Let h(m) = 2*m - 6. Determine h(6).
6
Let q(l) = l**3 + l**2 - 5*l + 6. What is q(-3)?
3
Let r(d) = 57*d - 7. What is r(2)?
107
Let y(j) = j**3 - 8*j**2 + 7*j + 3. What is y(7)?
3
Let f(r) = 57*r**3 - 2*r**2 - r + 2. Determine f(1).
56
Let h(u) = -12*u**2 - 5*u - 4. Give h(-3).
-97
Let y(v) = v**2 - 37*v + 44. Determine y(35).
-26
Let o(r) = 2*r + 66. Calculate o(-32).
2
Let g(m) = -m - 9. What is g(-3)?
-6
Let f(a) = 6*a - 11. What is f(0)?
-11
Let a(o) = 7*o**2 - o. Calculate a(-1).
8
Let s(y) = -y**2 + 2*y + 2. What is s(-7)?
-61
Let l(p) = -9*p**3 - p**2 + p + 1. Calculate l(-1).
8
Let v(h) = -h - 3. Calculate v(11).
-14
Let p(u) = 3*u**2 + 5*u - 13. Calculate p(2).
9
Let k(z) = 2*z**3 + 2*z**2 - 2*z + 3. Determine k(-3).
-27
Let s(h) = h**2 + 6*h + 12. Calculate s(-5).
7
Let w(f) = -f**2 - 4*f - 1. What is w(-8)?
-33
Let u(q) = -24*q + 81. Determine u(5).
-39
Let n(x) = -x**2 - 2*x + 11. Give n(-6).
-13
Let f(p) = -3*p**2 - 13*p + 7. What is f(-6)?
-23
Let g(i) = 20*i - 4. Calculate g(-1).
-24
Let o(g) = 2*g**2 + 8*g - 21. Give o(4).
43
Let w(o) = -9*o + 2. Give w(-4).
38
Let c(g) = 2*g**3 + g**2. Determine c(-2).
-12
Let r(y) = -y**2 + 2. Give r(-3).
-7
Let h(y) = 4*y - 120. What is h(31)?
4
Let y(l) = 7*l - 21. What is y(3)?
0
Let x(n) = n**3 - 5*n**2 + 2. What is x(5)?
2
Let g(c) = c**3 - 9*c**2 + 7*c - 2. What is g(8)?
-10
Let d(t) = 42*t + 23. Calculate d(-2).
-61
Let r(s) = -5*s**2 - 154*s + 25. Calculate r(-31).
-6
Let q(m) = -3*m**3 - 2*m**2 - 8*m - 5. Calculate q(-2).
27
Let i(t) = t**3 + t**2 - 21*t + 6. What is i(-5)?
11
Let r(k) = 11*k**3 - 4*k**2 + 4*k - 2. Determine r(2).
78
Let z(c) = 2*c**3 + c**2 - 2*c - 4. What is z(-2)?
-12
Let g(o) = -167*o - 1331. Calculate g(-8).
5
Let x(h) = -14*h + 10. What is x(4)?
-46
Let k(x) = -x**2 + 17*x + 20. What is k(16)?
36
Let o(v) = v**2 + 16*v + 1. What is o(-15)?
-14
Let y(u) = u**2 + 11*u + 3. Calculate y(-10).
-7
Let m(v) = -v**2 + 14*v - 3. Give m(7).
46
Let m(y) = 4*y - 63. What is m(23)?
29
Let f(t) = 30*t + 292. Give f(-10).
-8
Let x(b) = -b**3 + 6*b**2 + 5*b - 17. Calculate x(7).
-31
Let k(j) = 2*j**2 - j + 1. Give k(-1).
4
Let m(b) = -3*b**2 - 19*b - 26. Determine m(-6).
-20
Let c(t) = 36*t - 208. Determine c(6).
8
Let u(r) = -r - 1. Calculate u(-14).
13
Let d(q) = 3*q**2 - 3*q + 23. What is d(0)?
23
Let o(t) = 2*t**2 - 25*t + 46. Determine o(10).
-4
Let r(g) = -g**3 + g**2 - 10*g + 17. Give r(2).
-7
Let j(v) = -v**3 + 20*v**2 - v + 25. Give j(20).
5
Let g(p) = 2*p**2 - 3*p - 22. Determine g(4).
-2
Let o(r) = -r**3 + 14*r**2 - 9*r - 47. Calculate o(13).
5
Let j(k) = k**3 - 11*k**2 - 12*k - 16. Give j(12).
-16
Let g(u) = -5*u**2 + 5*u + 13. Give g(-3).
-47
Let v(x) = x**3 + 17*x**2 + 18*x + 7. Give v(-16).
-25
Let r(j) = -14*j + 336. Calculate r(23).
14
Let q(b) = -72*b - 506. Give q(-7).
-2
Let w(f) = -2*f**2 - 10*f - 6. What is w(-8)?
-54
Let p(r) = -r**2 + 11*r + 33. Calculate p(13).
7
Let l(v) = v**2 - 22*v - 12. Calculate l(23).
11
Let a(x) = x**2 + x - 7. What is a(3)?
5
Let q(b) = b**3 + 7*b**2 + 4*b - 3. Calculate q(-4).
29
Let d(l) = -l**2 - l. Calculate d(3).
-12
Let d(g) = -g**2 - 14*g - 4. Calculate d(-15).
-19
Let j(c) = c**2 + 29*c + 63. What is j(-27)?
9
Let s(i) = -5*i**3 + 4*i**2 - 2*i - 1. What is s(2)?
-29
Let k(l) = 2*l**2 + 44*l + 50. Calculate k(-20).
-30
Let m(s) = -7*s - 16. Give m(-9).
47
Let s(f) = f**3 + 6*f**2 - 7*f + 8. Give s(-6).
50
Let p(s) = -s - 16. Calculate p(-13).
-3
Let o(z) = -2*z**2 + 9*z + 77. Calculate o(9).
-4
Let z(y) = -y**3 - y**2 + 2*y - 73. Give z(0).
-73
Let q(m) = 20*m - 3. What is q(1)?
17
Let d(z) = z**3 - 10*z**2 - 5*z - 13. Determine d(6).
-187
Let y(k) = -5*k + 1. What is y(2)?
-9
Let h(w) = 2*w**3 - 3*w**2 + 3*w - 4. Determine h(3).
32
Let f(k) = k + 26. What is f(-7)?
19
Let b(d) = -d**2 - 26*d - 31. What is b(-25)?
-6
Let y(s) = -s**3 - 3*s**2 + 11*s - 1. Determine y(-5).
-6
Let f(t) = t**3 - 11*t**2 - 14*t + 29. Give f(12).
5
Let l(r) = r**3 - 18*r**2 - 3*r + 35. Determine l(18).
-19
Let i(f) = -56*f + 507. What is i(9)?
3
Let g(j) = -5*j - 6. Give g(-4).
14
Let f(h) = 5*h - 100. Determine f(22).
10
Let z(i) = i**2 + 10*i + 9. What is z(-7)?
-12
Let d(k) = k**2 - 2*k - 5. Calculate d(-5).
30
Let b(z) = z**3 - 29*z**2 + 150*z + 14. Determine b(7).
-14
Let a(u) = u**3 + 6*u**2 - 8*u + 13. What is a(-7)?
20
Let j(k) = k**3 + 6*k**2 + 4*k + 7. Calculate j(-5).
12
Let r(k) = k**3 - 2*k**2 + k - 1. What is r(2)?
1
Let s(z) = z**3 + 25*z**2 + 23*z - 36. Give s(-24).
-12
Let p(b) = 10*b - 4. What is p(-2)?
-24
Let g(u) = -u**2 + 9*u + 12. What is g(11)?
-10
Let i(l) = -l**2 - 11*l - 4. Calculate i(6).
-106
Let u(m) = -m**2 + 59*m + 541. Give u(-8).
5
Let w(z) = -5*z + 2. Give w(-3).
17
Let c(r) = -r**3 + 7*r**2 + 8*r + 8. What is c(8)?
8
Let p(j) = j**3 + 14*j**2 + 11*j - 32. Give p(-13).
-6
Let g(t) = t**3 + 6*t**2 - 6*t + 7. Give g(-7).
0
Let l(x) = x**2 + 15*x + 38. Calculate l(-3).
2
Let r(z) = -z + 3. Give r(21).
-18
Let q(w) = 35*w + 65. Calculate q(-6).
-145
Let w(u) = -9*u + 13. Determine w(7).
-50
Let g(i) = 2*i**2 + 14*i + 29. What is g(-5)?
9
Let y(m) = -3*m + 2. Calculate y(11).
-31
Let p(m) = 26*m**2 - 1. Give p(1).
25
Let m(a) = -a**2 - 10*a - 15. What is m(-7)?
6
Let g(h) = -3*h**2 + 10*h - 11. Determine g(2).
-3
Let t(l) = l**2 + 12*l - 3. Calculate t(-11).
-14
Let h(f) = f + 9. What is h(7)?
16
Let l(k) = 5*k**2 - 8*k - 3. Calculate l(-1).
10
Let f(d) = -d**3 + 4*d**2 + d - 7. Calculate f(3).
5
Let t(o) = -4*o - 32. Calculate t(-6).
-8
Let p(m) = m**2 + 27*m + 71. Determine p(-21).
-55
Let p(s) = s**2 + 54*s + 409. Give p(-9).
4
Let j(i) 